visor of p and g.
3
Let j be 2 - (2 + -3)/1. Let h be (-151)/((j + 10/(-3))*3). Suppose 0 = -a - a - 3*x + 101, 4*x - h = -3*a. Calculate the highest common factor of 7 and a.
7
Suppose 5*x = -9*x + 1316. Let b = 427 - x. Calculate the highest common divisor of b and 36.
9
Let k(t) = 6*t + 21. Let z be k(-7). Let l = 15 + z. Let d = l - -74. Calculate the greatest common factor of 170 and d.
34
Suppose 0 = -13*v + 14*v + 83. Let q = -65 - v. What is the highest common factor of q and 144?
18
Let x(o) = 16*o**2 - 98*o - 13. Let h be x(-7). What is the highest common divisor of 329 and h?
47
Suppose -3*d - 41 = 3*q - 11, -3*d = -5*q - 10. Let k be -1 + 52 - q*(-6)/(-5). What is the highest common factor of 6 and k?
3
Suppose -2181 - 4945 = -14*o. Suppose -2093 + o = -11*n. Calculate the highest common factor of 32 and n.
16
Let q(i) = 7*i**2 + 39*i - 333. Let a be q(9). What is the highest common divisor of 130 and a?
65
Let l be (4 - 12896/28)/(38/(-133)). Calculate the greatest common factor of 17 and l.
17
Suppose 0 = -5*n - 11 + 86. Let k = -9 + n. Let m be ((-16)/k)/(2/(-102)). What is the greatest common factor of m and 17?
17
Suppose 23*k = 25*k, 4*z - 2*k = 44. Let h(r) = -78*r. Let w be h(1). Let p = w + 133. Calculate the highest common factor of z and p.
11
Let k(a) = 2*a**3 - 55*a**2 + 113*a - 30. Let z be k(26). What is the greatest common factor of z and 7440?
80
Let r(m) = 92*m**3 + 2*m**2 - 29*m + 47. Let w be r(2). What is the greatest common factor of 3 and w?
1
Let c be -3 + 1/(3/135). Suppose -2*x + 10 = 0, 4*q + 5*x = 6*q - 899. What is the highest common factor of c and q?
42
Suppose 22*g - 13 = -l + 20*g, -5*l = 3*g - 51. Calculate the highest common factor of l and 639.
9
Suppose 0 = 43*p + 48*p + 9914 - 62330. What is the highest common divisor of 828 and p?
36
Suppose -2*z = -z - 28. Suppose 0 = -5*d + 25, 3*n = 7*n - 5*d + 17. Suppose -z = u - n*u. What is the highest common factor of u and 308?
28
Let i be (0 - (-4 - 2))/1. Suppose -19*k - 47*k + 5986 = -6686. Calculate the greatest common factor of i and k.
6
Let k(g) = 36*g**2 - 14*g - 12. Let n be k(-2). Let u = 76 + -109. Let h = -17 - u. Calculate the greatest common factor of h and n.
16
Suppose -2894 = -p - 3*a, 3*p - 8312 - 356 = -2*a. What is the greatest common factor of 56 and p?
8
Let m be -8 + 49/(-28)*-56. Calculate the greatest common factor of 190 and m.
10
Let v = 16 + -29. Let p = 14 + v. Let z be (-21)/(-15)*-2*(-4 - p). Calculate the highest common factor of 35 and z.
7
Let x = -209 + 216. Let y = -356 - -391. What is the highest common factor of y and x?
7
Suppose 3*i - 333 = -34*i. What is the highest common factor of 2061 and i?
9
Let f be 4/(-6) + 59/3. Suppose 32*i = 29*i + 3*x + 2445, -3*i + 2449 = -x. What is the highest common factor of i and f?
19
Suppose -109*h = -116*h + 35. Let f = -11 + 15. Let d be (f/6)/((-2)/(-15)). Calculate the highest common divisor of h and d.
5
Let n = 16622 + -15980. What is the greatest common factor of 13696 and n?
214
Let f = 1051 - 611. Let b = 17022 - 16982. Calculate the greatest common divisor of f and b.
40
Let x(b) = -b**3 - 16*b**2 + 15*b + 31. Let a be x(-17). Let c be 1 - (-607)/4 - a/(-260). What is the greatest common divisor of c and 18?
9
Let u(b) = 1 + 3*b + 9*b + 12 + 24 + 3. Let r be u(4). Suppose 2*o = 4*i - o - 41, -5*i + 2*o = -53. Calculate the highest common factor of r and i.
11
Suppose 10*l - 172 - 748 = 0. Let f = l - 158. Let q = f - -71. Calculate the highest common divisor of 1 and q.
1
Let r be 4/14 + (-47)/(-7). Suppose -4*l + 31*j = 32*j - 2001, 0 = -l + 2*j + 498. Suppose l - 1627 = -r*u. What is the highest common divisor of u and 23?
23
Let h be (-6)/1*((-30)/9)/10. Suppose 5*r - 29 = h*r + p, 2*p + 36 = 4*r. Calculate the highest common divisor of r and 77.
11
Let d(k) = 3*k**2 - 31*k + 92. Let x be d(9). Calculate the greatest common factor of 427 and x.
7
Suppose -3*j + 4*u = -74, 0 = 5*u + 6 + 19. Let i = 15 - j. Let p be i*15/(-6)*20. What is the highest common factor of 30 and p?
30
Let m(j) = 86*j + 6154. Let y be m(-71). Calculate the greatest common divisor of y and 2712.
24
Let w = 6567 - 4460. Calculate the highest common factor of w and 172.
43
Let j(k) = 15*k + 46. Let b be j(-3). Let r be b - (-6 - -3) - -10 - -1. What is the highest common divisor of r and 30?
15
Suppose -40*y + 1 = -39*y, 4*h - 4*y - 8836 = 0. What is the highest common factor of h and 390?
130
Suppose m + g - 29 = 0, 5*m = 4*g - 36 + 136. Let o be (49 + -1)/(m/(-320)*-2). What is the greatest common divisor of o and 10?
10
Let r be 343/196 - 185/(-4). Calculate the highest common factor of 2352 and r.
48
Let n(u) = -u**3 + 7*u**2 - 63*u + 39. Let l be n(-11). Calculate the greatest common factor of l and 30.
30
Let h = -3573 + 3846. What is the greatest common divisor of 26 and h?
13
Let t = 175 + -264. Let q = t - -118. Suppose -4*j - j + 870 = 0. What is the highest common divisor of j and q?
29
Suppose 0*a = a - 1. Let m be (-208)/(-7) - 14/(-49). Let u = 41 - m. Calculate the greatest common factor of u and a.
1
Suppose -4173 = -4*f - t + 757, -3*t = 3*f - 3702. What is the greatest common divisor of 32 and f?
16
Suppose 2*r + 34 = 5*a - 3*a, -2*a - r = -37. Calculate the greatest common factor of 2979 and a.
9
Let m(w) = -122*w - 1551. Let n be m(-15). What is the highest common factor of 248 and n?
31
Let u(f) = 13*f - 27. Let n be u(3). Let y be 46/(2 + n/(-9)). Let d be ((-12)/8)/((-3)/46). Calculate the greatest common factor of d and y.
23
Suppose -2*t = -13*t + 11856 - 3056. Calculate the greatest common factor of t and 2600.
200
Suppose 4*j - 3*j - 22 = -4*u, -66 = -2*j + 3*u. Let l be 4 + -8 - (-17 + 1). What is the highest common divisor of l and j?
6
Suppose 3922 = 4*w + 3*d, 0 = -2*w - d + 1243 + 717. What is the greatest common divisor of 89 and w?
89
Let q = -72 + 54. Let b(g) = g**3 + 21*g**2 + 53*g + 10. Let l be b(q). Let x(s) = -64*s - 4. Let k be x(-4). What is the greatest common factor of k and l?
28
Suppose 16 = 6*s - 2*s, 0 = 5*q - 4*s - 179. Let j = 234 + -225. Suppose -619 + 2023 = j*z. What is the highest common factor of q and z?
39
Let r(s) = 46 - 189 + s**2 - 7 - 60*s + 29*s + 28*s. Let j be r(14). What is the highest common divisor of j and 148?
4
Let y be -18 - ((-3 - 1) + 4). Let i be (-9*1)/(y/84). Let a = 375 - 291. Calculate the greatest common divisor of a and i.
42
Suppose 4*a + n = 361, 6*a - 3*n - 267 = 3*a. Calculate the highest common divisor of a and 340.
10
Let b(x) = 85*x - 7. Let q(h) = -86*h + 8. Let m(y) = 5*b(y) + 4*q(y). Let d be m(1). Calculate the greatest common factor of 6 and d.
6
Let v(i) = -i**2 - 94*i + 249. Let b be v(-96). What is the highest common divisor of 589 and b?
19
Suppose 0 = -5*z - 4712 + 1532. Let r = -625 - z. Calculate the highest common divisor of r and 330.
11
Let a(w) = w**3 + 20*w**2 + 37*w + 5. Let z be a(-16). Let y = z - 420. What is the greatest common factor of 34 and y?
17
Let v(m) = -m**3 - 2*m**2 - 3*m + 32. Suppose 0 = -3*i - 0*i + 12*i. Let w be v(i). What is the greatest common divisor of 288 and w?
32
Let g(y) = 3*y**2 - 103*y + 2880. Let k be g(33). What is the highest common factor of 60 and k?
12
Let j = 1522 + -3682. Let x be j/(25/(-5)) + -3. What is the highest common divisor of x and 39?
39
Let g(s) = 4*s - 48. Let i be g(28). What is the greatest common factor of 2192 and i?
16
Let t be (-4)/(-6)*65274/44. What is the highest common factor of t and 473?
43
Suppose 2*j - 5526 = l - 3*l, 2*l = 0. What is the highest common factor of j and 9?
9
Let l = -103 + 154. Let r(f) = -19*f - 349. Let a be r(-24). Let m = -104 + a. Calculate the highest common factor of l and m.
3
Suppose 0*d + 63 = 3*d - p, p - 77 = -4*d. Suppose 0*a - 3*a = 15, a + d = -v. Let u be 26/10 - 6/v. Calculate the highest common divisor of 3 and u.
3
Let w be 5/(20/(-66))*2. Let q(g) = -g**3 + 21*g**2 + 23*g + 47. Let z be q(22). Let y = w + z. Calculate the highest common factor of y and 12.
12
Let p be (7/(-3))/(14/(-42)). Suppose 8*t - 3*z - 25 = p*t, -5*t + z + 125 = 0. Calculate the greatest common factor of t and 1175.
25
Suppose -5*t + 5*b - b + 16 = 0, -2*b = -t + 8. Let z = t - -7. Suppose -2*f - z*f = -441. Cal